6437
What are the prime factors of 686227?
29, 23663
List the prime factors of 5684863.
5684863
What are the prime factors of 21999273?
3, 43, 170537
List the prime factors of 1234979.
269, 4591
What are the prime factors of 670824?
2, 3, 7, 11
What are the prime factors of 126393?
3, 42131
List the prime factors of 9625882.
2, 7, 47, 14629
List the prime factors of 682238.
2, 43, 7933
List the prime factors of 1136601.
3, 47, 2687
List the prime factors of 21352492.
2, 7, 107, 7127
What are the prime factors of 4317770?
2, 5, 431777
What are the prime factors of 3622626?
2, 3, 7, 28751
What are the prime factors of 459684?
2, 3, 113
What are the prime factors of 1493690?
2, 5, 11, 37, 367
What are the prime factors of 3848301?
3, 41, 10429
What are the prime factors of 1694284?
2, 41, 10331
List the prime factors of 13196437.
17, 241, 3221
List the prime factors of 193301.
193301
List the prime factors of 979239.
3, 43, 7591
List the prime factors of 1737346.
2, 13, 66821
List the prime factors of 294404.
2, 11, 6691
What are the prime factors of 7346620?
2, 5, 107, 3433
What are the prime factors of 4156052?
2, 61, 17033
What are the prime factors of 1235507?
7, 13, 13577
What are the prime factors of 485368?
2, 13, 359
List the prime factors of 328792.
2, 73, 563
What are the prime factors of 5030925?
3, 5, 67079
List the prime factors of 9878631.
3, 7, 470411
List the prime factors of 5261945.
5, 13, 80953
What are the prime factors of 4394290?
2, 5, 439429
List the prime factors of 41948.
2, 10487
List the prime factors of 2537528.
2, 7, 113, 401
List the prime factors of 327646.
2, 11, 53, 281
What are the prime factors of 231170?
2, 5, 23117
List the prime factors of 46769.
46769
List the prime factors of 1500102.
2, 3, 83339
List the prime factors of 5508218.
2, 2754109
What are the prime factors of 7271858?
2, 11, 151, 199
What are the prime factors of 67961?
67961
What are the prime factors of 686639?
686639
What are the prime factors of 347763?
3, 13, 37, 241
List the prime factors of 512550.
2, 3, 5, 17, 67
List the prime factors of 9754794.
2, 3, 7, 77419
What are the prime factors of 1577179?
23, 47, 1459
List the prime factors of 7310804.
2, 73, 25037
List the prime factors of 2873945.
5, 574789
List the prime factors of 135307.
269, 503
List the prime factors of 9303895.
5, 419, 4441
What are the prime factors of 8180819?
131, 197, 317
What are the prime factors of 25254820?
2, 5, 1262741
What are the prime factors of 957385?
5, 11, 13, 103
What are the prime factors of 15335008?
2, 13, 191, 193
List the prime factors of 252292.
2, 63073
What are the prime factors of 764789?
764789
List the prime factors of 12358946.
2, 6179473
List the prime factors of 27067781.
13, 199, 10463
List the prime factors of 251484.
2, 3, 19, 1103
List the prime factors of 34028394.
2, 3, 43, 131893
List the prime factors of 2006036.
2, 43, 107, 109
What are the prime factors of 3295911?
3, 19, 53, 1091
What are the prime factors of 1991268?
2, 3, 55313
List the prime factors of 2589730.
2, 5, 11, 13, 1811
What are the prime factors of 61362?
2, 3, 7, 487
List the prime factors of 885180.
2, 3, 5, 14753
List the prime factors of 1463751.
3, 17, 1063
List the prime factors of 44053.
44053
What are the prime factors of 4594216?
2, 11, 17, 37, 83
List the prime factors of 2862934.
2, 1431467
What are the prime factors of 3303669?
3, 853, 1291
List the prime factors of 4025227.
4025227
What are the prime factors of 4765572?
2, 3, 7, 18911
What are the prime factors of 10980481?
2671, 4111
What are the prime factors of 718147?
337, 2131
List the prime factors of 12665766.
2, 3, 37, 59, 967
What are the prime factors of 589442?
2, 7, 71, 593
List the prime factors of 246952.
2, 30869
What are the prime factors of 7753800?
2, 3, 5, 12923
List the prime factors of 5760038.
2, 29, 47, 2113
List the prime factors of 5261765.
5, 19, 97, 571
What are the prime factors of 5976548?
2, 1494137
List the prime factors of 117752.
2, 41, 359
List the prime factors of 2090402.
2, 43, 109, 223
List the prime factors of 1295228.
2, 11, 29437
What are the prime factors of 34830?
2, 3, 5, 43
List the prime factors of 147538.
2, 71, 1039
List the prime factors of 1001969.
359, 2791
List the prime factors of 209551.
19, 41, 269
What are the prime factors of 882304?
2, 61, 113
List the prime factors of 1172627.
691, 1697
What are the prime factors of 294506?
2, 147253
What are the prime factors of 314335?
5, 7, 1283
What are the prime factors of 38332?
2, 7, 37
List the prime factors of 1777268.
2, 41, 10837
List the prime factors of 55648.
2, 37, 47
What are the prime factors of 4289608?
2, 53, 67, 151
List the prime factors of 107928.
2, 3, 1499
List the prime factors of 973831.
673, 1447
What are the prime factors of 11527266?
2, 3, 1921211
List the prime factors of 532844.
2, 13, 10247
List the prime factors of 3256867.
409, 7963
What are the prime factors of 1819918?
2, 17, 53527
List the prime factors of 33292.
2, 7, 29, 41
What are the prime factors of 2984382?
2, 3, 165799
List the prime factors of 4436458.
2, 13, 170633
List the prime factors of 179782.
2, 89891
List the prime factors of 15052617.
3, 19, 41, 113
List the prime factors of 327365.
5, 233, 281
List the prime factors of 614765.
5, 122953
What are the prime factors of 10558020?
2, 3, 5, 11, 17, 941
What are the prime factors of 80304?
2, 3, 7, 239
What are the prime factors of 1508122?
2, 7, 11, 1399
List the prime factors of 28908.
2, 3, 11, 73
What are the prime factors of 3367403?
13, 431, 601
What are the prime factors of 113871?
3, 37957
What are the prime factors of 7104922?
2, 11, 322951
List the prime factors of 18278736.
2, 3, 7, 54401
List the prime factors of 509487.
3, 11, 15439
List the prime factors of 138130.
2, 5, 19, 727
What are the prime factors of 246730?
2, 5, 11, 2243
What are the prime factors of 439855?
5, 13, 67, 101
What are the prime factors of 4666?
2, 2333
What are the prime factors of 640657?
43, 47, 317
What are the prime factors of 6433524?
2, 3, 173, 1033
What are the prime factors of 3770564?
2, 7, 311, 433
What are the prime factors of 372667?
372667
What are the prime factors of 2795189?
2795189
What are the prime factors of 1922246?
2, 961123
List the prime factors of 1717661.
11, 156151
List the prime factors of 28025.
5, 19, 59
What are the prime factors of 16548368?
2, 1013, 1021
What are the prime factors of 8162345?
5, 1632469
What are the prime factors of 285381?
3, 37, 857
List the prime factors of 10030580.
2, 5, 7, 71647
What are the prime factors of 10993161?
3, 1217, 3011
List the prime factors of 12725615.
5, 7, 363589
What are the prime factors of 11437?
11437
What are the prime factors of 1069831?
7, 152833
List the prime factors of 10999310.
2, 5, 7, 157133
List the prime factors of 26401.
17, 1553
What are the prime factors of 22469819?
22469819
What are the prime factors of 13462340?
2, 5, 673117
What are the prime factors of 1604034?
2, 3, 89113
What are the prime factors of 7447385?
5, 11, 43, 47, 67
What are the prime factors of 9960335?
5, 7, 11, 41, 631
What are the prime factors of 554565?
3, 5, 11, 3361
List the prime factors of 1153653.
3, 239, 1609
List the prime factors of 50964.
2, 3, 31, 137
List the prime factors of 170585.
5, 109, 313
List the prime factors of 26872948.
2, 257, 26141
List the prime factors of 157080.
2, 3, 5, 7, 11, 17
What are the prime factors of 6230860?
2, 5, 19, 863
What are the prime factors of 171253?
171253
What are the prime factors of 331844?
2, 23, 3607
What are the prime factors of 164045?
5, 7, 43, 109
What are the prime factors of 18810031?
1193, 15767
What are the prime factors of 8714141?
19, 458639
What are the prime factors of 165544?
2, 20693
List the prime factors of 27357938.
2, 13678969
What are the prime factors of 296956?
2, 11, 17, 397
What are the prime factors of 3288460?
2, 5, 7, 83, 283
What are the prime factors of 26257422?
2, 3, 4376237
List the prime factors of 260828.
2, 197, 331
List the prime factors of 157434.
2, 3, 19, 1381
What are the prime factors of 313705?
5, 7, 8963
List the prime factors of 253791.
3, 163, 173
What are the prime factors of 2848161?
3, 949387
List the prime